**3 - 1/60*p**5 - 3*p**2 + 7/24*p**4. What is the units digit of h(6)?
8
Let k(m) = 2*m**2 - 10*m - 34. What is the tens digit of k(11)?
9
Let p = -83 + 197. What is the tens digit of p?
1
Let i = 4 - 4. Let q = 5 + i. What is the units digit of q?
5
Let y be 5/(-4) + (-2)/(-8). Let o be -1*(-2 - y)*4. Let a(v) = v**3 - 4*v**2 + 2*v - 3. What is the units digit of a(o)?
5
What is the tens digit of (9/(-12))/((-3)/972*3)?
8
Suppose 4*s = -3*s + 126. What is the tens digit of s?
1
Let x(g) = 3*g**2 + 21*g - 11. What is the tens digit of x(-11)?
2
Let o(l) = -l**2 + 4*l - 6. Let n be o(5). Let b = n - -5. What is the tens digit of (-408)/(-28) - b/14?
1
Suppose -2*y + 2*o + 60 = 0, 0 = -7*y + 2*y - 2*o + 164. What is the units digit of y?
2
Let h = 24 + -6. Let u(f) = -7*f - 7. Let z be u(-5). Let l = z - h. What is the units digit of l?
0
What is the tens digit of -1 + -2 - (-8 - 44)?
4
What is the tens digit of (-4)/(-3) + 1002/18?
5
Suppose -3*y - 4*t = -26, 7 = -4*y + 5*y + t. Suppose f + 28 = 5*o, -y*o + 4*f = 5*f - 14. What is the units digit of o?
6
Let q(c) = 7*c - 9. Let t(i) = 2*i - 3. Let n(d) = -3*q(d) + 8*t(d). What is the tens digit of n(-4)?
2
Let s(g) be the third derivative of g**5/60 + g**4/12 + g**3/6 - g**2. Let p = -6 + 3. What is the units digit of s(p)?
4
Suppose 5*v - 5*l = 10, 2*v + 3*l - 34 = -3*v. Suppose 2*t + 6 = -0, 66 = 3*z - v*t. What is the units digit of z?
7
Let n(l) = 13*l. Let m be n(-1). Let f = m - -26. What is the tens digit of f?
1
Let n(u) = -u**2 - 8*u + 4. Suppose 5*h - 2 + 22 = 0. What is the units digit of n(h)?
0
Suppose o = 3*l + 181, 3*l - 711 = -4*o + 2*l. What is the hundreds digit of o?
1
Suppose 3*q - 626 = 2*z, 45 = 3*q + z - 578. What is the units digit of q?
8
Suppose -3*c + 4 - 11 = 2*d, c = -5*d - 37. Let r be -26 + (2 - (-2 + 4)). Let a = d - r. What is the units digit of a?
8
Let h(n) be the third derivative of n**4/8 - 3*n**3/2 + 4*n**2. What is the tens digit of h(7)?
1
Suppose 52 = 5*y - 18. Suppose -3*x = -4 - y. Suppose 3*g - x = -0*g. What is the units digit of g?
2
Let t(x) = 5*x + 1. Let g be t(6). Suppose 0 = 4*k - g - 21. What is the tens digit of k?
1
Let c(f) = 3*f**2 - 6*f - 37. What is the tens digit of c(-7)?
5
Suppose 5*m - 5*q + 24 = m, -m - 6 = 4*q. Let b = m - -3. Let g = 0 - b. What is the units digit of g?
3
What is the units digit of (-2)/3 - ((-5120)/(-12))/(-4)?
6
Suppose -4*j = 431 - 1171. What is the hundreds digit of j?
1
Let m(q) = 9*q - 4. Suppose -2*l - 4*h = -6*l - 4, -l = -5*h + 17. What is the units digit of m(l)?
3
Let t(g) = -g**2 + 3*g. Let w(u) = -2*u**2 + 7*u. Let r(z) = -11*t(z) + 6*w(z). What is the tens digit of r(5)?
2
Suppose -5*b = -5*r - 5, 4*r + 2*b = -0*b + 26. Suppose -3*k + 4*k = r. What is the units digit of k?
4
Suppose -o + 390 = 5*s - 3*o, -5*o - 405 = -5*s. What is the tens digit of s?
7
What is the tens digit of -3*1/9 - 130/(-3)?
4
Let f = -23 - -100. What is the tens digit of f?
7
Suppose 2*h - 16 = -i, h + i = 3*i - 2. Suppose h*z - 4*z = -10. Let m = z + 15. What is the units digit of m?
0
Let x be (-14)/49 - (-4)/14. Suppose 5*u - 2*u - 9 = x. What is the units digit of u?
3
Let j(v) = v**2 + 4*v + 3. Let r be j(-4). Suppose -2*o = -4*k + 72, 68 = 4*k + k + r*o. What is the tens digit of k?
1
Suppose 0*q - 3*p + 13 = 5*q, -4*q - 3*p = -11. Let u = q + -4. Let r = u - -6. What is the units digit of r?
4
Let s(b) = b**2 + 5*b - 10. Let d be s(-7). Let l be (1 - 7/4)*-4. Suppose -2*k = -l*r + r + 6, 3*r = d*k + 8. What is the units digit of k?
1
Let d = 3 + -2. Let x(k) = k**3 + k**2 - k + 1. What is the units digit of x(d)?
2
Suppose 0 = -2*y + 6*y. Let d(s) = s + 5. What is the units digit of d(y)?
5
Let j(s) = s**2 - 2*s**2 - 4*s**2 - 1 + 4*s**2 + 5*s. Suppose -2*n = -n - 4. What is the units digit of j(n)?
3
Let l(j) = 6*j**2 + 3*j. Let r be l(-2). What is the units digit of r/99 + (-304)/(-22)?
4
Suppose 2*t + 3*t - 30 = 0. Suppose t + 0 = v. What is the units digit of v?
6
Suppose 3*f - 281 = -2*t, 0*f - f - t + 92 = 0. What is the tens digit of f?
9
Suppose 5*u = -4*m + 2*u + 157, 2*m - 76 = -4*u. Let l = m + -17. What is the units digit of l?
3
Suppose -4*p = -4*i - 8, -3*i - 3*p + 14 = 2*i. Let v = i + 8. What is the units digit of v?
9
Let k(t) be the second derivative of -3/2*t**2 + 0 + t + 0*t**3 + 1/12*t**4. What is the units digit of k(-3)?
6
Let w(a) = 2*a - 9. Let d be w(6). Suppose 0 = 4*f + l - 2*l - 31, 0 = d*l + 9. What is the units digit of f?
7
Let p = 0 + -10. Let q = 15 + p. What is the units digit of q?
5
Let m(b) = -12*b**3 - b**2 - b - 1. Let h be m(-1). What is the units digit of 2/(-1*2) + h?
0
Let u be (-12)/30 - (-362)/5. Suppose 4*w = w + u. What is the units digit of 45/2*w/30?
8
Suppose -4*q + 4*i = -132, 3*q - 144 = -q - 2*i. What is the units digit of q?
5
Suppose 0 = 8*q - 598 - 722. What is the units digit of q?
5
Suppose 3*h = -q + 1, 0*q + 4*q = 4*h - 12. What is the tens digit of -2 + 44/(4 + q)?
2
What is the units digit of (-80)/100*(15*-5 - 0)?
0
What is the hundreds digit of (101/2)/((-7)/(-14))?
1
Suppose -5*q + 5*k = -510, -q - 2*k + 93 = -0*q. What is the units digit of q?
9
Let p = 12 + -7. Suppose 0 = -5*f + p*i + 5, -27 + 10 = -5*f + 2*i. What is the units digit of f?
5
Let v(q) be the third derivative of -3*q**2 - 1/24*q**4 + 0 + 7/6*q**3 + 0*q. What is the units digit of v(5)?
2
Let v(g) = -g**3 - 11*g**2 - 13*g - 15. What is the tens digit of v(-10)?
1
Suppose 0 = -7*y + 8*y - 206. What is the units digit of y?
6
Suppose 38 = 4*u - 4*m - 218, -4*u = -m - 253. What is the tens digit of u?
6
Let l be 5/((-15)/(-6)) - -3. Suppose v + 16 = l*v. Let k(h) = h**3 - 4*h**2 + h + 2. What is the units digit of k(v)?
6
What is the units digit of 20/(-50) - (1374/(-10))/1?
7
Let l(k) = -k**3 + 8*k**2 + 3. Let f be l(8). Suppose -v = -m, -f*m + v + 0 - 6 = 0. Let x = m - -8. What is the units digit of x?
5
Let c = -19 + 34. What is the units digit of c?
5
Let t be (-3 - 3)*(-1)/3. Suppose -2*h - 2*z + 50 = -7*z, -h = -z - 28. Suppose o + t*o = h. What is the tens digit of o?
1
Let z(p) = -p + 4. Let g = -2 + -1. Let n be z(g). Suppose n*s - 2*l - 24 = 4*s, 0 = -2*s - 4*l. What is the units digit of s?
6
Let g be (4/5)/((-10)/(-125)). Suppose 0 = 3*u - 40 + g. What is the tens digit of u?
1
Suppose -18 = 4*f + 14. Let r = f - -19. What is the tens digit of r?
1
Let l be (-3)/9 + 17/(-3). What is the units digit of (-49)/(-3) + 2/l?
6
Let f = -5 + 9. What is the units digit of f?
4
Let m(v) = v + 8. Let d be m(-7). What is the units digit of 12 + -3 - (d - 1)?
9
Suppose 3*s - 17 = 2*s. What is the units digit of s?
7
Let o(a) = -a + 7. Let k be o(5). Let m be 4/(-18) + 32/(-18). Let w = k - m. What is the units digit of w?
4
Suppose -m - 80 = -5*m. Suppose 2*u = 7*u - m. What is the units digit of u?
4
Suppose 0*m - 2*m = -8. Suppose -3*y + 22 + 53 = 0. Suppose m*s - y + 1 = 0. What is the units digit of s?
6
Let d(m) = m**2 + 4*m + 1. Let n(z) = -z**3 + 2*z**2 + 4. Let w(x) = -x + 7. Let l be w(4). Let s be n(l). What is the units digit of d(s)?
6
Let s = 32 + 0. What is the units digit of s?
2
Suppose -8*r - 2 = -9*r. Suppose 2*x - s = 55, -4*x + 41 = -s - 74. Suppose -r*y + x = 4*w, -4*w - w - y = -30. What is the units digit of w?
5
Let w = 17 - -149. What is the hundreds digit of w?
1
Suppose -3*x - 14 = -x. Let c be x/(-3) - (-6)/9. Suppose k + 16 = c*d, 0 = 3*k - 0*k + 12. What is the units digit of d?
4
Let x(u) = -u + 14. Suppose -4*i = -i + 2*b + 37, -2*i + 2*b = 28. What is the tens digit of x(i)?
2
Suppose -2*p + 6 = -p. Suppose 5*s + 1 = p. What is the units digit of s?
1
Suppose -5*t + 7*t = 80. What is the units digit of t?
0
Let x be (-2 - -2)/((-6)/3). Suppose -5*h + 2*y = -x*y, -25 = -5*y. What is the units digit of h?
2
Let d = -27 + 11. Let k = 29 + d. What is the tens digit of k?
1
Let s(v) = 3*v - 4*v - 3 + 3*v**2 - 1 - v**2. What is the tens digit of s(-3)?
1
Let k(x) = -4*x**3 + x**2 - 6*x - 12. Let o(q) = q**3 - q**2 + 1. Let h(b) = -k(b) - 5*o(b). What is the tens digit of h(5)?
1
Let o(t) = 19*t - 1. Let a be 3/(-18) - (-14)/12. What is the units digit of o(a)?
8
What is the tens digit of 32/12*66/8?
2
Let b = -93 - -156. What is the tens digit of b?
6
Suppose 4